e
Is 9 a factor of 1568349?
True
Does 89 divide 647386?
True
Is 158 a factor of 763572?
False
Is 193 a factor of 256820?
False
Is 77 a factor of 301660?
False
Does 211 divide 1444312?
False
Is 293376 a multiple of 24?
True
Does 6 divide 2829792?
True
Does 28 divide 24304?
True
Is 62 a factor of 2677966?
True
Does 144 divide 4073760?
True
Does 402 divide 458805?
False
Does 16 divide 170828?
False
Is 11 a factor of 833800?
True
Is 458381 a multiple of 1883?
False
Is 2 a factor of 167783?
False
Is 17 a factor of 110755?
True
Is 4947 a multiple of 2?
False
Is 49 a factor of 1106871?
False
Is 111856 a multiple of 3?
False
Is 117643 a multiple of 18?
False
Is 5 a factor of 25188?
False
Does 443 divide 3022589?
True
Is 27 a factor of 3516557?
False
Is 7035113 a multiple of 1052?
False
Does 5 divide 326764?
False
Is 280738 a multiple of 46?
True
Is 3018899 a multiple of 13?
True
Does 25 divide 3282286?
False
Is 14 a factor of 87654?
True
Does 9 divide 230644?
False
Is 102 a factor of 69655?
False
Is 340 a factor of 127160?
True
Is 27 a factor of 37510?
False
Does 7 divide 159839?
False
Is 1106546 a multiple of 16?
False
Is 1148 a factor of 19622764?
True
Does 46 divide 432225?
False
Is 283 a factor of 897126?
False
Is 352314 a multiple of 37?
True
Is 326 a factor of 1482322?
True
Does 53 divide 51931?
False
Is 776 a factor of 1470520?
True
Is 24 a factor of 126096?
True
Does 125 divide 116392?
False
Is 12 a factor of 1865460?
True
Is 471 a factor of 4718500?
False
Is 18 a factor of 1171368?
True
Is 21 a factor of 7916664?
True
Is 364 a factor of 471744?
True
Is 882 a factor of 1416410?
False
Is 92 a factor of 323690?
False
Does 301 divide 2622542?
False
Is 28952 a multiple of 94?
True
Is 4171100 a multiple of 5?
True
Does 11 divide 2614238?
True
Is 724570 a multiple of 77?
True
Does 97 divide 3588515?
True
Is 149607 a multiple of 2?
False
Is 19 a factor of 12274?
True
Does 45 divide 329509?
False
Does 51 divide 11628?
True
Is 361 a factor of 5988990?
True
Does 102 divide 15504?
True
Is 2443168 a multiple of 32?
True
Is 3 a factor of 651400?
False
Is 41665 a multiple of 3?
False
Does 838 divide 3556041?
False
Is 3069717 a multiple of 59?
False
Is 13 a factor of 533130?
True
Does 41 divide 20377?
True
Is 31 a factor of 76081?
False
Is 52130 a multiple of 22?
False
Is 139774 even?
True
Is 71 a factor of 6240601?
False
Does 431 divide 657461?
False
Is 149 a factor of 196978?
True
Is 3299798 a multiple of 25?
False
Is 116 a factor of 301020?
True
Does 163 divide 90075?
False
Is 156120 a multiple of 8?
True
Is 272 a factor of 451714?
False
Is 19 a factor of 1005404?
True
Is 13366 a multiple of 137?
False
Does 13 divide 41650?
False
Is 132667 a multiple of 50?
False
Is 103 a factor of 586603?
False
Does 35 divide 514465?
True
Does 825 divide 414975?
True
Is 102 a factor of 423031?
False
Does 21 divide 5459181?
True
Is 717307 a multiple of 21?
False
Does 826 divide 8155447?
False
Is 894186 a multiple of 783?
True
Is 82 a factor of 3010173?
False
Is 28248 a multiple of 420?
False
Is 178193 a multiple of 73?
True
Does 135 divide 1634718?
False
Does 26 divide 1170?
True
Is 26645 a multiple of 3?
False
Is 33428 a multiple of 60?
False
Is 1511625 a multiple of 417?
True
Is 4384240 a multiple of 280?
True
Does 120 divide 351840?
True
Is 732300 a multiple of 29?
False
Does 509 divide 683078?
True
Is 21 a factor of 5910744?
True
Is 6 a factor of 146220?
True
Is 187230 a multiple of 12?
False
Is 8938539 a multiple of 129?
True
Does 16 divide 32367?
False
Is 3980380 a multiple of 197?
False
Is 634635 a multiple of 571?
False
Is 808496 a multiple of 2?
True
Is 116532 a multiple of 18?
True
Does 23 divide 266892?
True
Does 56 divide 56014?
False
Is 201777 a multiple of 61?
False
Does 5 divide 85392?
False
Is 3 a factor of 40674?
True
Is 501584 a multiple of 751?
False
Is 2500608 a multiple of 1072?
False
Is 27 a factor of 554956?
False
Does 45 divide 497969?
False
Is 218487 a multiple of 228?
False
Does 34 divide 742832?
True
Is 180277 a multiple of 41?
True
Is 102 a factor of 2158116?
True
Is 38714 a multiple of 13?
True
Is 348898 a multiple of 11?
True
Is 1154538 a multiple of 102?
True
Does 12 divide 1731864?
True
Does 27 divide 330667?
False
Is 187 a factor of 2792358?
False
Does 21 divide 1135743?
True
Is 5 a factor of 2739765?
True
Does 17 divide 1105902?
False
Is 2535529 a multiple of 4?
False
Is 11 a factor of 201344?
True
Is 229404 a multiple of 84?
True
Is 49503 a multiple of 31?
False
Is 83504 a multiple of 200?
False
Is 380 a multiple of 38?
True
Does 229 divide 8296441?
True
Is 18 a factor of 11551098?
False
Is 78 a factor of 207213?
False
Does 21 divide 324765?
True
Is 105096 a multiple of 104?
False
Does 26 divide 6316180?
True
Is 25 a factor of 95400?
True
Is 495 a factor of 20510?
False
Is 3 a factor of 9035?
False
Does 12 divide 115272?
True
Is 21 a factor of 326634?
True
Does 764 divide 2754984?
True
Is 39 a factor of 175622?
False
Is 81 a factor of 937693?
False
Is 200 a factor of 5244400?
True
Is 979587 a multiple of 27?
True
Does 32 divide 602496?
True
Is 2836 a factor of 11579388?
True
Is 2106258 a multiple of 94?
True
Does 49 divide 31311?
True
Is 116816 a multiple of 2?
True
Is 114 a factor of 81624?
True
Does 470 divide 11647288?
False
Is 75 a factor of 1827123?
False
Does 13 divide 4421664?
True
Is 226 a factor of 4523390?
True
Is 2620329 a multiple of 807?
True
Is 623 a factor of 10048367?
True
Is 16 a factor of 5725536?
True
Does 38 divide 13182846?
True
Is 597422 a multiple of 414?
False
Is 73 a factor of 56210?
True
Does 282 divide 309184?
False
Is 90 a factor of 1127790?
True
Is 50 a factor of 92250?
True
Is 497550 a multiple of 15?
True
Does 748 divide 930512?
True
Does 33 divide 67782?
True
Does 15 divide 302820?
True
Is 769279 a multiple of 316?
False
Is 37741 a multiple of 47?
True
Is 90 a factor of 298170?
True
Does 65 divide 2063750?
True
Is 58 a factor of 5684?
True
Is 167 a factor of 4116265?
False
Is 1060878 a multiple of 377?
True
Is 258 a factor of 4856476?
False
Is 43 a factor of 3046137?
False
Is 760821 a multiple of 23?
False
Is 72 a factor of 19337991?
False
Does 197 divide 5376301?
False
Is 50 a factor of 575969?
False
Is 1335 a factor of 8243625?
True
Does 690 divide 6903450?
True
Is 10 a factor of 102160?
True
Is 14627448 a multiple of 1518?
True
Is 9 a factor of 754569?
True
Does 4 divide 634265?
False
Is 167858 a multiple of 21?
False
Does 23 divide 145071?
False
Is 1936205 a multiple of 16?
False
Is 170 a factor of 396602?
False
Is 86007 a multiple of 40?
False
Is 118 a factor of 5182914?
True
Does 9 divide 87948?
True
Is 11 a factor of 1677126?
True
Is 509 a factor of 3226551?
True
Does 257 divide 1496802?
False
Does 3 divide 485624?
False
Is 221 a factor of 1637757?
False
Does 11 divide 1151953?
True
Is 246290 a multiple of 6?
False
Does 86 divide 3535890?
True
Is 764 a factor of 871377?
False
Is 66238 a multiple of 112?
False
Is 196685 a multiple of 695?
True
Is 38 a factor of 4360738?
False
Does 20 divide 1428893?
False
Is 283 a factor of 52355?
True
Is 246248 a multiple of 37?
False
Does 5 divide 7814305?
True
Is 10 a factor of 634150?
True
Is 14 a factor of 491746?
False
Does 14 divide 4324096?
True
Is 42 a factor of 1245463?
False
Is 842574 a multiple of 22?
False
Is 88771 a multiple of 19?
False
Does 21 divide 2165709?
True
Is 139 a factor of 178087?
False
Is 523718 a multiple of 13?
True
Does 14 divide 7708922?
False
Is 15 a factor of 9713307?
False
Is 2604 a multiple of 2?
True
Does 81 divide 2916?
True
Is 1036832 a multiple of 115?
False
Does 10 divide 692057?
False
Does 39 divide 7755150?
True
Does 64 divide 34292?
False
Is 970 a factor of 4599984?
False
Does 48 divide 536340?
False
Is 2922045 a multiple of 13?
False
Is 691230 a multiple of 29?
False
Is 8 a factor of 2126880?
True
Is 12 a factor of 30748968?
True
Does 308 divide 265930?
False
Is 479488 a multiple of 54?
False
Is 117106 a multiple of 11?
True
Is 18 a factor of 2426994?
True
Is 15 a factor of 35940?
True
Does 1165 divide 535900?
True
Is 62618 even?
True
Is 379140 a multiple of 284?
True
Does 13 divide 330561?
False
Is 6761148 a multiple of 39?
False
Is 16 a factor of 1107253?
False
Is 135 a factor of 67635?
True
Is 788 a factor of 165328